 (-6)/10. Suppose o = 5*s - 40 + 10. What is the greatest common factor of s and 2?
2
Let z = 1002 + -984. What is the greatest common divisor of 657 and z?
9
Let y = 24 + -22. Suppose 2*x + c = 7, 0 = x + 3*c - 9 - y. Calculate the highest common factor of 2 and x.
2
Suppose 100 = 2*g + 5*d, -6*d = -5*g - 7*d + 250. Calculate the highest common divisor of 350 and g.
50
Let m(y) = -2*y**2 - 20*y - 7. Let g(p) = -3*p**2 - 30*p - 11. Let c(x) = 5*g(x) - 7*m(x). Let z be c(-9). Calculate the highest common factor of 1 and z.
1
Suppose -k + 16 = 4*q, -5*q + 44 = 86*k - 84*k. What is the highest common factor of k and 108?
4
Let p = 354 - 342. Calculate the greatest common divisor of 84 and p.
12
Suppose 32*o - 7140 = -20*o - 53*o. Let b be 90/25 + 2/5. What is the greatest common factor of o and b?
4
Let p = 1004 + -713. Suppose -2*l - 2*d = 2*l - 562, 2*l - d = p. What is the highest common divisor of 13 and l?
13
Suppose 0 = -5*m - 3*m + 32. Suppose 0 = m*g + 72 - 252. What is the greatest common divisor of 5 and g?
5
Suppose -2*g = -8*g. Let s = 4 - g. What is the highest common factor of 44 and s?
4
Suppose 0 = 5*j - 6*j + 14. What is the greatest common factor of j and 56?
14
Let x(s) = 5*s**3 + s**2 + 8*s - 13. Let w be x(2). What is the highest common factor of 423 and w?
47
Suppose 2 = 2*y + 5*f, 4*y - 4*f = -1 + 5. Let s be (15/5)/(6/28). Let q = s + y. What is the highest common divisor of q and 105?
15
Let p be (0 - 0) + 89 + 1. Suppose 4*q + 48 + 4 = 2*n, 5*q - 5 = 0. Suppose v + c - 13 = -0, 0 = -2*v - c + n. What is the highest common divisor of p and v?
15
Suppose -103*k + 82*k + 1428 = 0. Calculate the highest common divisor of 85 and k.
17
Suppose -2*f + 53 = -127. Suppose j - 6*j = 5*r + f, -4*r - 4 = 0. Let n be (-1 - j) + (2 - 4). Calculate the greatest common divisor of 112 and n.
14
Suppose 0 = -4*l + m + 54, 2*l + 3*l - 55 = -5*m. Let p = 47 + -21. Calculate the highest common factor of l and p.
13
Let h = 253 - 241. Calculate the highest common factor of 96 and h.
12
Let h be 3*2/((-24)/(-316)). Let l = h + -14. Suppose -2*d = 3*d - l. What is the greatest common factor of 104 and d?
13
Suppose 0 = 3*u - r - 58, 5*r - 52 = -u - 3*u. Let x be (-26)/(-5)*(-40)/(-16). Let f = x + -4. Calculate the greatest common divisor of u and f.
9
Suppose 0 = -40*y + 54*y - 406. What is the greatest common factor of y and 58?
29
Suppose 415*g + 20385 = 868*g. Let y(o) = 29*o + 6. Let v be y(6). What is the highest common divisor of v and g?
45
Let i(y) = -y**3 - 5*y**2 + 4. Let z be i(-5). Let o = z - 5. Let l be 5*o*(-6)/10. What is the highest common divisor of l and 15?
3
Suppose -48*s - 20 = -50*s. Let y be 90*(2 + (-1 - 0)). Calculate the highest common divisor of s and y.
10
Suppose 425 = 6*b - 469. Let u = b - 127. What is the highest common divisor of u and 33?
11
Let y = 5 - -3. Suppose -7*c - 155 = 216. Let p = -37 - c. What is the highest common divisor of y and p?
8
Let x be ((-258)/(-4))/(108/4680). Calculate the greatest common factor of x and 65.
65
Let v(x) = -x - 3. Let u be v(-6). Let m = 4 + u. Let t = m + 0. What is the highest common divisor of t and 49?
7
Suppose -3*x - 2*x = -110. Suppose -40*u - 33*u + 4015 = 0. Calculate the highest common divisor of u and x.
11
Let o be 6*((-155)/(-25))/(2/5). Let g = -18 - -18. Suppose -2*r - 2*z - z + 68 = 0, 3*r - 2*z - 89 = g. Calculate the highest common factor of r and o.
31
Suppose -f - 3*i + 57 = 0, 4*f - 55 = 3*f - 5*i. Let u = 30 + f. Calculate the highest common divisor of u and 10.
10
Suppose a = 2*a - 38. Suppose -w = c - 133, -2*w + 139 + 127 = 4*c. Calculate the highest common factor of w and a.
19
Let w(t) = 25*t**3 + 2*t - 1. Let y be w(1). Let l = y - 22. Suppose -l*o + 8*o = 80. Calculate the highest common divisor of o and 4.
4
Suppose -126 = -h - 2*h. Suppose -4*g + 7*g - 96 = 0. Let u be -2 - (0 + g/(-2)). What is the greatest common divisor of h and u?
14
Let i(h) = -4*h + 49. Let f be i(9). Suppose -f = y - 31. What is the greatest common divisor of y and 72?
18
Let m(r) = -r**3 + 5*r**2 - 5*r + 2. Let w be m(4). Let t be w - -16 - (-12 + 8). Calculate the highest common factor of t and 3.
3
Suppose -5*v = -3*j + 14 + 71, -j + 29 = -2*v. Suppose 165*x - 181*x = -1200. What is the highest common divisor of x and j?
25
Suppose h = -5*y + 26, 3*y = 4*h + 5 - 17. What is the highest common factor of h and 66?
6
Suppose -19 = -g + 75. Suppose x - g - 194 = 0. Let s(k) = k**3 + 9*k**2 - 12*k + 12. Let m be s(-10). What is the greatest common divisor of x and m?
32
Suppose 0 = p + 28 - 36. What is the highest common divisor of p and 216?
8
Suppose -2*d = -d - 37. Suppose -3*x + 7 - d = 0. Let r = 17 + x. What is the highest common divisor of 28 and r?
7
Suppose 4*m - 1 = t, -5 = 5*t - 0*m - m. Let x = 8 - t. What is the highest common factor of x and 6?
3
Suppose 5*v = -18 - 7. Let c be 3/v + (-46)/(-10). Suppose -n + 50 = 4*n. Calculate the greatest common factor of n and c.
2
Suppose -5*t = -2*j - 36, -4 = 3*t - 3*j - 31. Let w(o) = o - 3. Let y be w(t). Let a = 147 + -138. What is the highest common divisor of y and a?
3
Let k(j) = -j**2 - 12*j - 1. Let d be k(-7). Calculate the greatest common divisor of d and 374.
34
Let h be ((-16)/28)/(-1)*7. Suppose -4*g - 6 = r, 4 = 2*r - 2*g - h. Suppose -2*v - 13 = -3, -5*w + r*v + 30 = 0. What is the highest common factor of 1 and w?
1
Let a(r) = -33*r + 43. Let o be a(1). Let b be (-1)/(-2 + (-29)/(-15)). Calculate the greatest common factor of b and o.
5
Let j = -14 - -17. Suppose -j*o = 2*o. Suppose o = 2*m - 70 - 20. Calculate the greatest common divisor of m and 18.
9
Let r(q) = -3*q + 67. Let s be r(17). Let z(b) = b**3 + 7*b**2 + 8. Let m be z(-7). Calculate the highest common factor of m and s.
8
Let a(y) = -y**2 + 22*y - 37. Let p be a(2). Calculate the highest common divisor of 174 and p.
3
Let n = 20 + 16. Suppose -3*l + 4*h + 61 = 2*l, -2*h = -2*l + 26. Calculate the highest common divisor of l and n.
9
Suppose -5*y + s - 167 = -1589, 291 = y + 2*s. Let q = y - 142. Calculate the greatest common divisor of 13 and q.
13
Let o = 25 - 5. Suppose 2*u = -3*u - 20. Let q be u*(o*1)/(-2). What is the greatest common factor of q and 5?
5
Let p be (-15)/3 + -1 + 2. Let t be 5/((-4)/(p + 0)). What is the highest common divisor of 10 and t?
5
Suppose 5*u - 170 = -5*m - 45, -2*m + 8 = 0. Suppose -45 = u*x - 24*x. What is the highest common divisor of 105 and x?
15
Suppose -17*o + 3*o = -2240. Calculate the greatest common factor of o and 8.
8
Suppose -4*u + 14 = d - 3*d, d = 3*u - 12. Suppose -u*l + 4*l = -1, 3*l + 1 = 4*a. Calculate the highest common factor of 2 and a.
1
Let p be 5 - (-3 - -5) - 1. Suppose 5*m - 6*h + p*h + 5 = 0, 4*m + 5*h + 4 = 0. Let r be (2 + -3)*-52 + m. What is the highest common divisor of 34 and r?
17
Let s be 317/5 + -1 - (-30)/(-75). Suppose 98 = 5*m - s. Calculate the greatest common divisor of m and 8.
8
Suppose -5*p + 120 + 120 = 0. Let h(k) = -73*k**3 - k**2 - 3*k - 3. Let r be h(-1). What is the greatest common factor of r and p?
24
Suppose 6*b - 4*b - 68 = 5*p, 3*p = 2*b - 64. Calculate the greatest common factor of 1 and b.
1
Suppose 7 + 8 = 3*a. Suppose 0 = t + t + 4, -2*j = 5*t. Calculate the greatest common factor of a and j.
5
Suppose -65*s = -75*s + 2700. What is the greatest common divisor of s and 6?
6
Let f be (32/(-10))/(16/(-20)). Calculate the greatest common divisor of f and 676.
4
Suppose -3*l + 0*x + 17 = x, -l - 3*x + 11 = 0. Suppose 5 = d - 8. Let y = d + 7. Calculate the highest common divisor of l and y.
5
Let v(r) = -r**3 + r**2 + r - 13. Let w be v(0). Let l be -1 - (1 - w - 0). Let y be (-6)/4*(l + 7). Calculate the highest common factor of y and 4.
4
Suppose 3*a - 6*a - 5*p = -822, -263 = -a + 2*p. Suppose -5*f + 281 = t, 0*t + 2*f - a = -t. What is the highest common factor of t and 29?
29
Let x be ((-208)/(-4))/(-4) - -3. Let c be (-62)/x + 1/(-5). What is the highest common factor of c and 48?
6
Let g(p) be the third derivative of p**5/12 - 29*p**4/24 - 2*p**3 + 3*p**2 + 2*p. Let v be g(7). What is the greatest common divisor of v and 210?
30
Let f(m) = 4*m + 4. Let r be f(0). Let u(n) = 4*n**2 - 3*n - 6. Let q be u(r). Calculate the greatest common divi